he prime factors of 124831.
7, 17, 1049
What are the prime factors of 591?
3, 197
What are the prime factors of 2057?
11, 17
List the prime factors of 1316.
2, 7, 47
List the prime factors of 4707.
3, 523
List the prime factors of 2645.
5, 23
What are the prime factors of 590?
2, 5, 59
List the prime factors of 51595.
5, 17, 607
What are the prime factors of 28003?
41, 683
List the prime factors of 21443.
41, 523
What are the prime factors of 5980?
2, 5, 13, 23
List the prime factors of 37567.
37567
List the prime factors of 59060.
2, 5, 2953
What are the prime factors of 4458?
2, 3, 743
List the prime factors of 1121.
19, 59
What are the prime factors of 498?
2, 3, 83
List the prime factors of 26899.
37, 727
What are the prime factors of 1224?
2, 3, 17
List the prime factors of 3030.
2, 3, 5, 101
What are the prime factors of 1048?
2, 131
What are the prime factors of 23076?
2, 3, 641
What are the prime factors of 5177?
31, 167
What are the prime factors of 2123?
11, 193
What are the prime factors of 85297?
85297
What are the prime factors of 22834?
2, 7, 233
List the prime factors of 5336.
2, 23, 29
List the prime factors of 3388.
2, 7, 11
What are the prime factors of 558?
2, 3, 31
List the prime factors of 7781.
31, 251
List the prime factors of 101754.
2, 3, 5653
List the prime factors of 19101.
3, 6367
What are the prime factors of 18844?
2, 7, 673
What are the prime factors of 72755?
5, 14551
List the prime factors of 6479.
11, 19, 31
List the prime factors of 169.
13
List the prime factors of 26374.
2, 13187
List the prime factors of 3244.
2, 811
List the prime factors of 445.
5, 89
List the prime factors of 1704.
2, 3, 71
List the prime factors of 14995.
5, 2999
What are the prime factors of 1666?
2, 7, 17
List the prime factors of 37870.
2, 5, 7, 541
What are the prime factors of 1632?
2, 3, 17
List the prime factors of 9493.
11, 863
What are the prime factors of 3820?
2, 5, 191
List the prime factors of 12604.
2, 23, 137
What are the prime factors of 50281?
7, 11, 653
What are the prime factors of 54257?
7, 23, 337
List the prime factors of 372.
2, 3, 31
What are the prime factors of 74256?
2, 3, 7, 13, 17
What are the prime factors of 1807?
13, 139
What are the prime factors of 1530?
2, 3, 5, 17
What are the prime factors of 7000?
2, 5, 7
List the prime factors of 3461.
3461
List the prime factors of 701.
701
What are the prime factors of 4124?
2, 1031
List the prime factors of 2313.
3, 257
List the prime factors of 55528.
2, 11, 631
What are the prime factors of 50797?
79, 643
What are the prime factors of 20402?
2, 101
List the prime factors of 443.
443
What are the prime factors of 1520?
2, 5, 19
What are the prime factors of 17478?
2, 3, 971
List the prime factors of 5222.
2, 7, 373
List the prime factors of 1217.
1217
What are the prime factors of 48092?
2, 11, 1093
What are the prime factors of 5159?
7, 11, 67
What are the prime factors of 26036?
2, 23, 283
What are the prime factors of 927?
3, 103
List the prime factors of 40967.
71, 577
List the prime factors of 7821.
3, 11, 79
List the prime factors of 613.
613
List the prime factors of 515.
5, 103
What are the prime factors of 4949?
7, 101
What are the prime factors of 10814?
2, 5407
List the prime factors of 7011.
3, 19, 41
What are the prime factors of 6365?
5, 19, 67
What are the prime factors of 28270?
2, 5, 11, 257
What are the prime factors of 52834?
2, 26417
List the prime factors of 2752.
2, 43
List the prime factors of 12998.
2, 67, 97
What are the prime factors of 2498?
2, 1249
List the prime factors of 12556.
2, 43, 73
What are the prime factors of 768?
2, 3
List the prime factors of 1262.
2, 631
What are the prime factors of 975?
3, 5, 13
What are the prime factors of 30811?
11, 2801
List the prime factors of 11739.
3, 7, 13, 43
List the prime factors of 35036.
2, 19, 461
List the prime factors of 7748.
2, 13, 149
List the prime factors of 2846.
2, 1423
What are the prime factors of 28378?
2, 7, 2027
What are the prime factors of 2880?
2, 3, 5
What are the prime factors of 39497?
127, 311
What are the prime factors of 65084?
2, 53, 307
What are the prime factors of 11907?
3, 7
List the prime factors of 1580.
2, 5, 79
What are the prime factors of 12655?
5, 2531
List the prime factors of 58.
2, 29
What are the prime factors of 34543?
34543
List the prime factors of 35687.
127, 281
What are the prime factors of 4212?
2, 3, 13
List the prime factors of 455.
5, 7, 13
What are the prime factors of 4750?
2, 5, 19
What are the prime factors of 1138?
2, 569
List the prime factors of 14313.
3, 13, 367
What are the prime factors of 41829?
3, 73, 191
What are the prime factors of 79660?
2, 5, 7, 569
What are the prime factors of 161?
7, 23
What are the prime factors of 1094?
2, 547
What are the prime factors of 327?
3, 109
List the prime factors of 111048.
2, 3, 7, 661
List the prime factors of 5929.
7, 11
What are the prime factors of 12338?
2, 31, 199
List the prime factors of 2857.
2857
What are the prime factors of 3415?
5, 683
What are the prime factors of 2548?
2, 7, 13
List the prime factors of 109910.
2, 5, 29, 379
List the prime factors of 37783.
37783
What are the prime factors of 60092?
2, 83, 181
What are the prime factors of 3590?
2, 5, 359
List the prime factors of 625.
5
What are the prime factors of 4147?
11, 13, 29
List the prime factors of 17689.
7, 19
List the prime factors of 40181.
23, 1747
List the prime factors of 107105.
5, 31, 691
List the prime factors of 18350.
2, 5, 367
What are the prime factors of 111211?
111211
What are the prime factors of 2230?
2, 5, 223
List the prime factors of 2017.
2017
List the prime factors of 5933.
17, 349
List the prime factors of 173.
173
List the prime factors of 6370.
2, 5, 7, 13
List the prime factors of 53328.
2, 3, 11, 101
What are the prime factors of 10791?
3, 11, 109
List the prime factors of 1491.
3, 7, 71
List the prime factors of 7044.
2, 3, 587
What are the prime factors of 2438?
2, 23, 53
What are the prime factors of 749?
7, 107
List the prime factors of 14591.
14591
List the prime factors of 92.
2, 23
List the prime factors of 23461.
29, 809
List the prime factors of 296.
2, 37
List the prime factors of 14904.
2, 3, 23
What are the prime factors of 89133?
3, 11, 37, 73
List the prime factors of 62039.
62039
What are the prime factors of 2192?
2, 137
List the prime factors of 1642.
2, 821
What are the prime factors of 144577?
144577
List the prime factors of 913.
11, 83
List the prime factors of 3240.
2, 3, 5
List the prime factors of 335.
5, 67
List the prime factors of 16801.
53, 317
List the prime factors of 4967.
4967
What are the prime factors of 27398?
2, 7, 19, 103
What are the prime factors of 2173?
41, 53
What are the prime factors of 58?
2, 29
List the prime factors of 1566.
2, 3, 29
List the prime factors of 224.
2, 7
List the prime factors of 2970.
2, 3, 5, 11
What are the prime factors of 23109?
3, 7703
List the prime factors of 6408.
2, 3, 89
List the prime factors of 3967.
3967
What are the prime factors of 42671?
71, 601
What are the prime factors of 12850?
2, 5, 257
List the prime factors of 38417.
41, 937
What are the prime factors of 40568?
2, 11, 461
What are the prime factors of 9333?
3, 17, 61
List the prime factors of 2876.
2, 719
List the prime factors of 1206.
2, 3, 67
What are the prime factors of 1427?
1427
List the prime factors of 547.
547
What are the prime factors of 61199?
19, 3221
What are the prime factors of 5487?
3, 31, 59
List the prime factors of 11315.
5, 31, 73
List the prime factors of 79173.
3, 19, 463
List the prime factors of 1644.
2, 3, 137
List the prime factors of 78932.
2, 7, 2819
List the prime factors of 30840.
2, 3, 5, 257
What are the prime factors of 5597?
29, 193
What are the prime factors of 974?
2, 487
What are the prime factors of 945?
3, 5, 7
What are the prime factors of 101?
101
List the prime factors of 3251.
3251
List the prime factors of 37052.
2, 59, 157
List the prime factors of 104.
2, 13
List the prime factors of 9905.
5, 7, 283
List the prime factors of 2920.
2, 5, 73
What are the prime factors of 2119?
13, 163
What are the prime factors of 11985?
3, 5, 17, 47
List the prime factors of 596.
2, 149
What are the prime factors of 